{"id":44,"date":"2017-10-02T17:24:30","date_gmt":"2017-10-02T15:24:30","guid":{"rendered":"http:\/\/php7:8888\/mattern\/?page_id=44"},"modified":"2019-04-29T19:15:22","modified_gmt":"2019-04-29T17:15:22","slug":"impressum","status":"publish","type":"page","link":"https:\/\/www.roescherbau.de\/?page_id=44","title":{"rendered":"Impressum"},"content":{"rendered":"<p>[et_pb_section fb_built=&#8220;1&#8243; _builder_version=&#8220;3.0.47&#8243;][et_pb_row _builder_version=&#8220;3.0.48&#8243; background_size=&#8220;initial&#8220; background_position=&#8220;top_left&#8220; background_repeat=&#8220;repeat&#8220;][et_pb_column type=&#8220;4_4&#8243; _builder_version=&#8220;3.0.47&#8243; parallax=&#8220;off&#8220; parallax_method=&#8220;on&#8220;][et_pb_text _builder_version=&#8220;3.0.99&#8243;]<\/p>\n<h1>Impressum<\/h1>\n<p>&nbsp;<\/p>\n<h2>Angaben gem\u00e4\u00df \u00a7 5 TMG:<\/h2>\n<p>Herr Michele R\u00f6scher<br \/> R\u00f6scher Bau (Einzelunternehmer)<br \/> Windm\u00fchlenstra\u00dfe 36<br \/> 31311 H\u00e4nigsen<\/p>\n<h2><\/h2>\n<h2>Kontakt:<\/h2>\n<table>\n<tbody>\n<tr>\n<td>Telefon:<\/td>\n<td>015140025766<\/td>\n<\/tr>\n<tr>\n<td>E-Mail:<\/td>\n<td>info@roescherbau.de<\/td>\n<\/tr>\n<\/tbody>\n<\/table>\n<p>Umsatzsteuer- Identifikationsnummer gem\u00e4\u00df \u00a727 a Umsatzsteuergesetz:<br \/> DE 292 313 270<\/p>\n<h2><\/h2>\n<h2>Verantwortlich f\u00fcr den Inhalt nach \u00a7 55 Abs. 2 RStV:<\/h2>\n<p>Grafik- und Kommunikationsdesign<br \/> Viktoria Mattern<br \/> Angerkamp 4a<br \/> 31311 Dedenhausen<\/p>\n<p>Wir sind nicht bereit oder verpflichtet, an Streitbeilegungsverfahren vor einer Verbraucherschlichtungsstelle teilzunehmen.<\/p>\n<p>Quelle: <a href=\"https:\/\/www.e-recht24.de\/impressum-generator.html\" target=\"_blank\" rel=\"noopener\">https:\/\/www.e-recht24.de\/impressum- generator.html<\/a><\/p>\n<p>[\/et_pb_text][et_pb_code]<a href=\"javascript:history.back();\"><strong>Zur\u00fcck<\/strong><\/a>[\/et_pb_code][\/et_pb_column][\/et_pb_row][\/et_pb_section]<\/p>\n","protected":false},"excerpt":{"rendered":"<p>Impressum &nbsp; Angaben gem\u00e4\u00df \u00a7 5 TMG: Herr Michele R\u00f6scher R\u00f6scher Bau (Einzelunternehmer) Windm\u00fchlenstra\u00dfe 36 31311 H\u00e4nigsen Kontakt: Telefon: 015140025766 E-Mail: info@roescherbau.de Umsatzsteuer- Identifikationsnummer gem\u00e4\u00df \u00a727 a Umsatzsteuergesetz: DE 292 313 270 Verantwortlich f\u00fcr den Inhalt nach \u00a7 55 Abs. 2 RStV: Grafik- und Kommunikationsdesign Viktoria Mattern Angerkamp 4a 31311 Dedenhausen Wir sind nicht bereit [&hellip;]<\/p>\n","protected":false},"author":1,"featured_media":0,"parent":0,"menu_order":2,"comment_status":"closed","ping_status":"closed","template":"","meta":{"_et_pb_use_builder":"on","_et_pb_old_content":"","_et_gb_content_width":"","footnotes":""},"class_list":["post-44","page","type-page","status-publish","hentry"],"_links":{"self":[{"href":"https:\/\/www.roescherbau.de\/index.php?rest_route=\/wp\/v2\/pages\/44","targetHints":{"allow":["GET"]}}],"collection":[{"href":"https:\/\/www.roescherbau.de\/index.php?rest_route=\/wp\/v2\/pages"}],"about":[{"href":"https:\/\/www.roescherbau.de\/index.php?rest_route=\/wp\/v2\/types\/page"}],"author":[{"embeddable":true,"href":"https:\/\/www.roescherbau.de\/index.php?rest_route=\/wp\/v2\/users\/1"}],"replies":[{"embeddable":true,"href":"https:\/\/www.roescherbau.de\/index.php?rest_route=%2Fwp%2Fv2%2Fcomments&post=44"}],"version-history":[{"count":7,"href":"https:\/\/www.roescherbau.de\/index.php?rest_route=\/wp\/v2\/pages\/44\/revisions"}],"predecessor-version":[{"id":135,"href":"https:\/\/www.roescherbau.de\/index.php?rest_route=\/wp\/v2\/pages\/44\/revisions\/135"}],"wp:attachment":[{"href":"https:\/\/www.roescherbau.de\/index.php?rest_route=%2Fwp%2Fv2%2Fmedia&parent=44"}],"curies":[{"name":"wp","href":"https:\/\/api.w.org\/{rel}","templated":true}]}}